*-19 + z is divided by 20?
18
Suppose 0 = -3*p + 29 - 5. What is the remainder when 186/p - (-2)/(-8) is divided by 12?
11
Suppose -185 = 3*u - 8*u. Calculate the remainder when u is divided by 8.
5
Suppose -3*v = -4*s - 172, -10 = s - 5*v + 33. Let l = s + 70. What is the remainder when l is divided by 15?
12
Suppose 0 = -3*l - 129 + 156. Suppose -j + 25 = 4*j. Calculate the remainder when l is divided by j.
4
Let m(q) = -q**2 + 23*q - 16. What is the remainder when m(21) is divided by 7?
5
Let n(k) = 5*k**2 + 5*k. Calculate the remainder when n(-3) is divided by 17.
13
Suppose -5 = -4*g + 11. Calculate the remainder when g/(-10) - (-388)/20 is divided by (-21)/(-2) + (-1)/2.
9
Let h(l) = -l**2 - 20*l + 23. Let d be 1 + 1 + 0/(-4). Suppose -d*q + 5 = -19. What is the remainder when h(-20) is divided by q?
11
Let q = -8 - -25. What is the remainder when q is divided by 6?
5
Let a = 13 + -9. Suppose 2*j = 3*j + a. Let s = j - -15. Calculate the remainder when 20 is divided by s.
9
Let v be -1 + 1/(-3)*-3. Calculate the remainder when 49 is divided by 18 - 1 - 0 - v.
15
Suppose -4*v - b = 2*b - 4, 0 = 3*b + 12. Suppose 5 = -0*c + c. Suppose -6*z - 41 = -c*x - 2*z, 0 = -x + v*z + 21. What is the remainder when 8 is divided by x?
3
Suppose -11 = 4*c - g, 2*c = 3*g + g - 2. Let b be 1/(2*c/132). Let p = 48 + b. What is the remainder when p is divided by 9?
8
Suppose 0*b = -z + 2*b, -2*b = -3*z + 12. Calculate the remainder when 17 is divided by z.
5
Suppose 28 = -27*m + 31*m. What is the remainder when 17 is divided by m?
3
Suppose -3*d = 4*p + 6, 4*p = -5*d - p - 5. Let z(y) = y. What is the remainder when 2 is divided by z(d)?
0
Let m(i) = -i**3 + 3*i**2 - i. Let w be m(1). Let n(l) = 8*l + 1 - 1 + w. What is the remainder when 17 is divided by n(1)?
8
Let r = -5 - -8. Let u be (-2)/(-4)*(1 - 1). Let w = u + r. Calculate the remainder when w is divided by 2.
1
Let p be (-1)/2 - (-115)/2. Suppose p = m - 5*x - 138, 0 = m - 2*x - 186. Calculate the remainder when (m/(-3))/(-2) + -2 is divided by 15.
13
Suppose -22 = -4*o + 5*g, -2*o = 4*g - 0*g - 24. Suppose t = -4*d + o, 4*d - 2*d = -4*t - 10. What is the remainder when 8 is divided by d?
2
What is the remainder when -3 + (-3 + (-27)/(-3))*3 is divided by 8?
7
Suppose 0*b = 3*b - 12. What is the remainder when 6 is divided by b?
2
Calculate the remainder when ((-3)/9)/(-3*(-3)/(-2646)) is divided by 34.
30
Suppose 25 - 4 = -3*w. Let s(a) be the first derivative of a**4/4 + 8*a**3/3 + 5*a**2/2 - 2*a - 1. What is the remainder when 34 is divided by s(w)?
10
Let v be (-3 - -3)/((-2)/2). Suppose 0*r + 3*r + 5*k - 154 = v, -3*r - 4*k + 149 = 0. Let l(i) = i**2 + i + 3. What is the remainder when r is divided by l(-4)?
13
Let s = 29 - -4. What is the remainder when s is divided by 12?
9
Suppose 16*l - 105 = 13*l. Calculate the remainder when l is divided by 19.
16
Suppose k - 13 = 2*f + 10, -5*k = 2*f - 139. Calculate the remainder when k is divided by 5.
2
Let z(h) = -h + 1. Let b be z(1). Suppose 3*l + 45 + 54 = b. Let r = l + 73. Calculate the remainder when r is divided by 14.
12
Let k = -27 - -36. What is the remainder when 26 is divided by k?
8
Suppose -3*s = 4 - 16. Suppose -k + 1 + s = 0. Let c = k + -3. Calculate the remainder when 5 is divided by c.
1
Let x(w) = -33*w - 4. Let m(l) = 34*l + 5. Let h(y) = -5*m(y) - 6*x(y). Calculate the remainder when h(2) is divided by 19.
17
Let m be 0/(-1) + 0 + 44. Let z = -28 + m. Suppose 3*f = z + 14. Calculate the remainder when 28 is divided by f.
8
Let u = 0 + 1. Let l(y) = 0 + y**2 - 3 - u - 2*y. What is the remainder when 32 is divided by l(-3)?
10
Let c(d) = -2*d**3 - 4*d**2 - 4*d - 2. What is the remainder when 28 is divided by c(-2)?
4
Let i = -15 - -23. Calculate the remainder when 39 is divided by i.
7
Let n(r) = -r**3 - 11*r**2 - r - 4. Let v(i) = -i**3 - 6*i**2 - 4*i + 5. Let j be v(-4). Calculate the remainder when 20 is divided by n(j).
6
Suppose 0 = 5*f - 2*f - 45. Suppose -2*j + 2*x + 8 = 0, 5*j + 2*x = -0*j + 34. Let w = j - -2. Calculate the remainder when f is divided by w.
7
Let p = 40 + -15. What is the remainder when 49 is divided by p?
24
Suppose -4*l - 3*l = 126. Calculate the remainder when 49 is divided by l/(-42) + 116/7.
15
Suppose j - 110 = 6*j - 5*u, 66 = -3*j + u. Let z = -9 - j. Calculate the remainder when 36 is divided by z.
10
Let s(o) = o**3 - 7*o**2 + 2*o + 4. Let z = -10 + 17. Calculate the remainder when 34 is divided by s(z).
16
Suppose -137 = -6*j + 85. What is the remainder when j is divided by 10?
7
Suppose 3*a - 18 = -3*m, -4*m - m = -4*a - 21. What is the remainder when 31 is divided by m?
1
Suppose -78 = -2*s + 5*f, f + 108 = 3*s - 2*f. Calculate the remainder when s is divided by 12.
10
Suppose -5*u - 2 = -3*u. Let v = u - -3. Suppose -4*l + v*l + 88 = 0. Calculate the remainder when l is divided by 15.
14
Let x(l) = l**2 + 3*l - 4. Let c be x(-5). Let s(v) = -v**3 + 7*v**2 - v + 2. What is the remainder when s(c) is divided by 11?
10
Let r(n) = 8*n**2 + 2*n. Let k be r(2). Let c(o) = -o**2 + o - 14. Let v be c(0). Let w = v + k. Calculate the remainder when w is divided by 8.
6
Suppose 0*t = 2*t - 138. Calculate the remainder when t is divided by 18.
15
Let u(w) = 2*w**2 - 6*w - 4. What is the remainder when 7 is divided by u(4)?
3
Let r = -12 + 21. Let v be (1 + (-25)/2)*-2. Suppose -4*d + 75 = -d + z, d = -z + v. Calculate the remainder when d is divided by r.
8
Suppose 0*j + 2*j = 4. Suppose -6 + j = -v. Suppose 0 = v*i + 11 - 83. What is the remainder when i is divided by 7?
4
Let b = -48 - -78. What is the remainder when b is divided by 17?
13
Let r = 7 + 1. Suppose 5*o - 137 = r. Suppose 0 = -0*m + m - o. Calculate the remainder when m is divided by 10.
9
Suppose -2*x + 15 = w, -2*x = x - 3. What is the remainder when 89 is divided by w?
11
Let o(j) = -j - 1. Let l(r) = 13*r - 2. Let x(i) = -l(i) - 6*o(i). What is the remainder when x(-4) is divided by 13?
10
Let a = -12 + 25. What is the remainder when 35 is divided by a?
9
Let t = 38 + -24. What is the remainder when 37 is divided by t?
9
Let x = 10 + -7. Suppose -x*m + 8 = -85. Calculate the remainder when 60 is divided by m.
29
Suppose 4*q = -2*x + 28, -x = 2*q + 3*x - 20. What is the remainder when -17*(3 - (-12)/(-3)) is divided by q?
5
Let z be 2 + -1 + (3 - -3). Suppose 0 = 3*x - z*x + 16. Suppose -1 = -7*a + 76. What is the remainder when a is divided by x?
3
Calculate the remainder when (1/2)/((-3)/(-330)) is divided by 19/(1 + (2 - 2)).
17
Let o(u) = -2*u**3 + 6*u**2 + 9*u + 4. Let v(b) = 4*b**3 - 13*b**2 - 19*b - 8. Let w(q) = 9*o(q) + 4*v(q). Calculate the remainder when w(-3) is divided by 21.
19
Suppose 0 = 2*q - 0*q - 10. Let o(t) = -14*t - q*t + 4*t. Calculate the remainder when 29 is divided by o(-1).
14
What is the remainder when 2/(-13) - (-223)/13 is divided by 10?
7
Calculate the remainder when 7 is divided by ((-28)/7)/(2/(-3)).
1
Suppose 0*m + 5*m - 110 = 0. What is the remainder when m is divided by 5?
2
Suppose 113 + 267 = 4*h. Suppose 3*j - 2*j - 24 = 0. What is the remainder when h is divided by j?
23
Suppose 19*a + 271 = 24*a + 3*j, 2*a - 5*j = 127. Calculate the remainder when a is divided by 20.
16
Let d(k) = -k**2 - 3*k + 4. Let p be d(-4). Let a = -188 + 272. Suppose t = f - 24, p*t - 2*t + a = 4*f. Calculate the remainder when f is divided by 8.
6
Suppose -16*z - 7 = -14*z - 5*d, 4*z + 4*d - 28 = 0. Suppose 2*p = -3*j + 33, 2*p - 30 = -3*j + p. What is the remainder when j is divided by z?
1
Let x = 51 - 32. Calculate the remainder when 113 is divided by x.
18
Let t = 6 + -1. Suppose -5*c + 15 + 30 = 4*z, z + t = 2*c. Calculate the remainder when 13 is divided by z.
3
Suppose -4*r - 8 - 136 = 0. Let f = r - -54. Calculate the remainder when 37/1 - (0 + 2) is divided by f.
17
Suppose 4 + 16 = i. Let g = 3 + i. Suppose -3*t + 335 = 2*t. What is the remainder when t is divided by g?
21
Suppose 0 = 2*y + y + 2*v - 20, 2*v = -4*y + 28. Let o(r) = -r**2 + 11*r - 12. What is the remainder when 46 is divided by o(y)?
10
Suppose 37 + 1 = o + 3*d, -o + 43 = 4*d. What is the remainder when 111 is divided by o?
19
Let y = -27 + 74. Let x be (-4)/(-10) + (-348)/(-30). Let c = y - x. What is the remainder when c is divided by 1